2*i**2 - 3*i - 5. What is g(-1)?
-1
Let h(p) = -p**3 - 102*p**2 + 636*p + 67. Determine h(6).
-5
Let m(s) = s**3 - 62*s**2 + 229*s + 183. Calculate m(58).
9
Let i(o) = -o**2 - 61*o - 525. What is i(-11)?
25
Let f(c) = -13*c**2 + 72*c + 32. What is f(6)?
-4
Let h(b) = -131*b + 1478. Calculate h(11).
37
Let p(c) = c**2 - 33*c + 348. What is p(15)?
78
Let p(o) = 12*o**2 - 8*o + 63. Give p(7).
595
Let p(q) = -q**3 - 47*q**2 - 532*q - 89. What is p(-18)?
91
Let g(k) = 503*k + 1572. Calculate g(-3).
63
Let r(b) = -b**3 + 32*b**2 - 222*b - 1. Calculate r(22).
-45
Let p(r) = -r**3 + 8*r**2 + 3*r - 63. What is p(13)?
-869
Let d(v) = -v**3 + 120*v**2 - 994*v - 55. Determine d(9).
-10
Let u(k) = -18*k - 804. Give u(-45).
6
Let w(j) = -2*j**2 - 48*j - 214. What is w(-6)?
2
Let c(y) = -y**3 - 13*y**2 - 7*y - 55. Determine c(-13).
36
Let r(y) = y**2 - 94*y - 8605. Determine r(-57).
2
Let x(j) = 129*j - 740. Determine x(6).
34
Let i(u) = u**3 + 8*u**2 + 5*u + 37. Give i(-8).
-3
Let x(n) = -n**3 - 20*n**2 + 24*n + 12. Calculate x(-21).
-51
Let f(l) = -12*l**2 - 154*l + 22. Determine f(-13).
-4
Let m(r) = -r**3 - 205*r**2 - 816*r - 9. What is m(-4)?
39
Let u(w) = -w**3 - 2*w**2 + 62*w - 194. Determine u(-10).
-14
Let p(j) = j**3 + 31*j**2 + 194*j - 40. Give p(-9).
-4
Let g(r) = r**2 + 19*r - 347. Calculate g(-32).
69
Let v(m) = 14*m**2 - 3*m + 26. Give v(4).
238
Let s(z) = 51*z - 1729. Calculate s(34).
5
Let v(d) = -d**3 - 6*d**2 + 29*d. Give v(-9).
-18
Let m(y) = 73*y + 367. Determine m(-5).
2
Let j(s) = 2*s**3 + 32*s**2 + 20*s - 118. Calculate j(-15).
32
Let z(c) = -20*c**2 - 78*c + 3. Give z(-5).
-107
Let q(r) = 3*r**3 - 31*r**2 - 4*r + 11. Determine q(10).
-129
Let p(d) = d**2 + 39*d + 358. Determine p(-25).
8
Let a(p) = -10*p**2 - 43*p - 18. Give a(-8).
-314
Let m(y) = -2098*y + 6259. What is m(3)?
-35
Let h(d) = d**3 - 14*d**2 + d - 226. What is h(15)?
14
Let f(w) = -w**2 - 19*w - 97. What is f(-9)?
-7
Let l(k) = 362*k + 3223. What is l(-9)?
-35
Let m(r) = 2757*r + 8266. What is m(-3)?
-5
Let r(y) = -1099*y + 7683. What is r(7)?
-10
Let d(c) = -2*c**3 + 23*c**2 - 25*c + 150. Calculate d(11).
-4
Let j(c) = -2*c**2 - 141*c + 284. Determine j(2).
-6
Let t(i) = -i**3 + 2*i**2 - 19. What is t(5)?
-94
Let n(t) = -t**2 - 16*t - 11. What is n(-15)?
4
Let k(f) = 2*f - 146. Calculate k(26).
-94
Let v(s) = 17*s - 343. Calculate v(26).
99
Let q(s) = -s**3 + 17*s**2 - 5*s + 37. Calculate q(12).
697
Let r(y) = -y**3 + 67*y**2 - 124*y - 398. What is r(65)?
-8
Let z(n) = 465*n + 35849. Determine z(-77).
44
Let x(r) = 55*r + 7146. Give x(-130).
-4
Let k(i) = 3*i**3 - 117*i**2 - 6*i + 53. Give k(39).
-181
Let l(d) = -2*d**2 + 25*d + 12. Determine l(0).
12
Let x(w) = w**3 - 2*w**2 - 24*w - 44. Calculate x(7).
33
Let t(u) = -7*u**2 + 411*u + 97. What is t(59)?
-21
Let y(b) = -1559*b - 18720. Determine y(-12).
-12
Let v(y) = 4*y**2 - 186*y - 93. Give v(47).
1
Let q(k) = -9*k**2 - 155*k - 37. What is q(-17)?
-3
Let j(p) = -6*p**2 + 194*p + 2434. What is j(42)?
-2
Let t(g) = -g**2 - 179*g - 5833. Give t(-136).
15
Let n(m) = -27*m**2 + 14*m - 7. Calculate n(1).
-20
Let b(s) = 4*s**2 - 552*s + 5084. Calculate b(10).
-36
Let w(h) = -14*h + 185. What is w(14)?
-11
Let h(l) = l**2 - 74. What is h(-12)?
70
Let u(x) = -x**3 - x**2 + 9*x + 11. Calculate u(0).
11
Let c(n) = 4*n**3 + 43*n**2 - 13*n. Give c(-11).
22
Let u(v) = 9*v**2 - v - 23. Determine u(6).
295
Let t(j) = -867*j + 10353. Give t(12).
-51
Let b(c) = c**3 + 14*c**2 + 29*c - 19. Calculate b(-4).
25
Let i(y) = y**3 - 15*y**2 - 319*y + 4479. Give i(13).
-6
Let t(x) = -x - 127. Calculate t(-24).
-103
Let o(l) = 23*l**2 + 40*l - 120. Give o(3).
207
Let s(x) = x**3 - 62*x**2 - 73*x + 632. Determine s(63).
2
Let g(c) = -13*c + 543. Give g(43).
-16
Let w(q) = -q + 175. Calculate w(-39).
214
Let j(n) = 3*n**2 - 82*n + 17. What is j(29)?
162
Let h(o) = 23*o + 5. What is h(-1)?
-18
Let h(g) = -51*g - 843. What is h(-25)?
432
Let n(y) = y**3 - 67*y**2 + 2*y + 34. Determine n(67).
168
Let a(z) = -2*z**3 + 18*z**2 + 18*z + 59. Calculate a(10).
39
Let q(n) = 74*n + 160. Give q(-2).
12
Let x(a) = 241*a + 1917. Give x(-8).
-11
Let x(z) = 720*z + 9318. Calculate x(-13).
-42
Let w(l) = -l**3 - 8*l**2 + 609*l - 17. Calculate w(21).
-17
Let l(q) = 546*q - 9830. Calculate l(18).
-2
Let f(s) = -s**2 - 56*s - 305. Give f(-6).
-5
Let w(f) = -3*f**3 - 221*f**2 + 72*f - 154. What is w(-74)?
-6
Let g(w) = 4*w**2 + 80*w + 253. Give g(-14).
-83
Let t(r) = -9*r - 166. Give t(-12).
-58
Let u(t) = t**2 + 19*t + 20. Calculate u(-18).
2
Let p(t) = 107*t + 24. What is p(-2)?
-190
Let h(a) = -966*a**2 + 10626*a - 13. Calculate h(11).
-13
Let d(c) = c**3 + 31*c**2 + 119*c + 293. Calculate d(-27).
-4
Let u(b) = b**3 - 17*b**2 - b - 25. Give u(17).
-42
Let u(n) = 532*n - 90. What is u(0)?
-90
Let x(s) = 43*s + 6660. Determine x(-156).
-48
Let u(x) = 59*x - 7894. Calculate u(134).
12
Let r(x) = -2*x**2 - 47*x - 27. Determine r(-20).
113
Let z(a) = -3*a**2 + 75*a + 394. Determine z(29).
46
Let f(o) = -o**3 + 393*o**2 - 2314*o - 3102. Calculate f(387).
-6
Let o(j) = -3*j**2 + 103*j - 238. Calculate o(32).
-14
Let x(t) = 51*t - 1180. What is x(23)?
-7
Let v(o) = -o**2 - 119*o - 1371. What is v(-13)?
7
Let h(i) = -i**3 + 3*i**2 + 179*i + 189. What is h(16)?
-275
Let b(p) = -2*p**2 + 122*p - 483. Calculate b(4).
-27
Let u(h) = -2*h**2 + 149*h + 17341. What is u(-63)?
16
Let m(i) = -11*i**2 - 44*i + 187. What is m(5)?
-308
Let r(u) = -106*u - 6224. What is r(-59)?
30
Let s(t) = -t**3 - 9*t**2 - 12*t - 79. What is s(-7)?
-93
Let l(z) = 19*z - 113. Determine l(6).
1
Let r(a) = 21*a**2 - 296*a + 49. Determine r(14).
21
Let a(z) = -z**3 - 5*z**2 - 15. Give a(0).
-15
Let y(q) = 7*q**2 + 135*q - 1. What is y(-19)?
-39
Let t(o) = -o**3 - 72*o**2 + o + 41. Calculate t(-72).
-31
Let g(f) = -68*f + 9. Calculate g(1).
-59
Let g(m) = -2*m**2 - 170*m + 527. What is g(-88)?
-1
Let z(b) = 172*b + 149. Give z(-1).
-23
Let r(j) = 3*j**3 + 523*j**2 + 700*j + 1402. Determine r(-173).
18
Let m(a) = 296*a - 7584. Determine m(26).
112
Let a(p) = -2371*p + 2339. Give a(1).
-32
Let k(g) = -35*g + 617. Calculate k(17).
22
Let v(x) = 5*x - 4. What is v(-1)?
-9
Let b(s) = -362*s - 1087. Give b(-3).
-1
Let t(y) = 2*y**3 - 260*y**2 - 17*y + 2183. Give t(130).
-27
Let m(k) = 12*k - 115. Calculate m(15).
65
Let v(g) = -3*g**2 - 2*g + 11. Calculate v(2).
-5
Let j(s) = s**3 + 127*s**2 - 26*s - 3332. What is j(-127)?
-30
Let x(d) = 2*d**2 - d - 79. What is x(7)?
12
Let o(d) = d**3 - 14*d**2 - 17*d + 17. Calculate o(15).
-13
Let w(a) = -141*a + 3234. Calculate w(23).
-9
Let g(f) = f**3 - 2*f**2 - 17*f - 49. Calculate g(7).
77
Let b(w) = -w**2 + 14*w + 22. Calculate b(15).
7
Let r(y) = 61*y - 848. Calculate r(17).
189
Let q(m) = 533*m - 51709. Determine q(97).
-8
Let i(s) = -59*s**2 + 11682*s + 13. Calculate i(198).
13
Let s(k) = 7*k**2 - 181*k - 3. Determine s(23).
-463
Let y(f) = -f**2 - 43*f - 489. Determine y(-25).
-39
Let w(v) = 12*v - 86. Calculate w(8).
10
Let k(c) = 117*c + 4097. Determine k(-35).
2
Let b(r) = -466*r - 17240. Calculate b(-37).
2
Let h(b) = -108*b + 488. Give h(14).
-1024
Let f(m) = m**3 - 24*m**2 - 129*m + 2. Determine f(28).
-474
Let s(i) = -2*i**3 - 135*i**2 - 1053*i - 5. Give s(-9).
-5
Let s(j) = -j**3 - 166*j**2 - 804*j - 2. Determine s(-5).
-7
Let m(s) = 160*s**2 + 3*s + 4. Determine m(-2).
638
Let b(t) = t**3 - 26*t**2 - 26*t - 18. Give b(27).
9
Let o(a) = -2*a**2 + 27*a - 33. Give o(14).
-47
Let v(o) = 15897*o - 15897. What is v(1)?
0
Let n(u) = 10*u + 1547. What is n(-155)?
-3
Let n(w) = -w**3 + 2*w**2 - 90*w + 520. What is n(5)?
-5
Let j(u) = -201*u - 1792. Determine j(-9).
17
Let r(m) = 3*m**2 + 30*m - 174. What is r(4)?
-6
Let g(f) = 11*f**2 + 236*f - 43. Calculate g(-22).
89
Let u(q) = 2*q**2 + 183*q + 1372. Determine u(-82).
-186
Let n(c) = c**2 + 414*c - 30568. What is n(64)?
24
Let b(g) = 10*g**2 - 133*g + 464. Give b(5).
49
Let t(n) = 19*n + 240. Give t(-13).
-7
Let k(s) = -19*s**2 - 2*s - 4. What is k(0)?
-4
Let f(k) = -212*k + 390. Give f(3).
-246
Let d(l) = -4*l**3 + 3*l**2 - 23*l + 13. Determine d(5).
-527
Let a(q) = 6*q - 57. Determine a(8).
-9
Let f(b) = -2*b**2 - 138*b - 561. What is f(-63)?
195
Let d(b) = -135*b**3 + 3*b**2 + 7*b + 5. Calculate d(-1)